mmon divisor of 504 and a?
24
Let c(y) = y**3 - 2*y**2 - 10*y + 1. Let v be c(5). What is the highest common divisor of v and 338?
26
Let i = 33 + -30. Let u be ((-3)/4)/((-4)/(-16)). Let d be (4 - i)*(-39)/u. What is the highest common factor of 104 and d?
13
Let r(f) = -4*f + 229. Let m be r(57). What is the highest common divisor of 11 and m?
1
Let s = 3052 + -2629. Calculate the highest common factor of s and 45.
9
Let h = 160 + -249. Let c = h + 125. What is the greatest common factor of c and 12?
12
Suppose -3*v = 3*v. Let s be 1 + v + (43 - 0/(-3)). Calculate the greatest common factor of 110 and s.
22
Let v = 6 - 18. Let w(t) = -21*t - 36. Let o be w(v). Calculate the highest common divisor of o and 27.
27
Let v(i) = 9*i. Let n(g) = 18*g + 1. Let d(y) = 4*n(y) - 10*v(y). Let t be d(2). Let w = -26 - t. Calculate the highest common factor of 12 and w.
6
Let z be 1/(-3) - (-1092)/9. Let x = 4 + 16. Let d = x + -9. Calculate the greatest common divisor of d and z.
11
Suppose 0 = -102*a + 62253 + 29139. Calculate the highest common divisor of 128 and a.
128
Let y be (20/(-3))/(7/42). Let h be y/(-22) + (-10)/(-55). What is the highest common divisor of 18 and h?
2
Suppose -3*h = -2*j + 14, -3*h + 10 = -0*h + 4*j. Let b(g) = -37*g - 4. Let v be b(h). Calculate the highest common factor of v and 10.
10
Suppose 213*l = 230*l - 16031. Calculate the greatest common divisor of 164 and l.
41
Let y = -78 + 92. Suppose -3*k + y = 4*k. Calculate the highest common divisor of 8 and k.
2
Suppose 45 = -3*h - 21. Let p be 2/(-5) + h/(-5). Suppose 20 = -2*u + p*u. What is the greatest common divisor of u and 90?
10
Let t(s) = 52*s + 103. Let a be t(2). Calculate the highest common factor of 23 and a.
23
Suppose -166 = -2*o + 5*h, 0 = -5*o - 5*h - 104 + 519. What is the greatest common factor of 1 and o?
1
Let x = 185 - 165. What is the greatest common divisor of 115 and x?
5
Let i(f) = 2*f**3 - 3*f**2 + 2*f + 1. Let l be i(3). Let h = l - 30. Calculate the highest common factor of 28 and h.
4
Let t = -2081 - -2801. What is the highest common divisor of t and 168?
24
Let s(n) = n. Let z be s(3). Let l = -1 + z. Let o(i) = -i**3 + 4*i**2 + i - 1. Let f be o(l). Calculate the highest common factor of 1 and f.
1
Suppose 0 = -q - 0*y - 3*y + 2, 5*q = -y + 38. Let v be 1508/12 - q/12. Calculate the greatest common factor of v and 25.
25
Let w be 92/5 + 18/(-45). Let r be (72/(-10))/(w/(-360)). Calculate the highest common factor of r and 16.
16
Suppose 5*m - 430 = r, -16*m + 18*m - 3*r - 185 = 0. Suppose 0 = 3*t + 25 - 76. What is the greatest common factor of t and m?
17
Let j(m) = 3*m + 27. Let p be j(-4). Let i(b) = -b**3 + 14*b**2 + 15*b + 27. Let r be i(p). What is the highest common divisor of 216 and r?
27
Let k be -1 + 3 - -7*1. Let l = 1300 - 1228. What is the greatest common divisor of k and l?
9
Let t(u) = 2*u + 15. Let y be t(-8). Let g be 80*1/((-2)/y). Calculate the highest common divisor of 5 and g.
5
Suppose -h + 18 = -5*l + 2*l, h = 5*l + 22. Suppose 10*z - h*z = -8. Suppose 0 = -3*n + z*n - 4. Calculate the greatest common factor of 36 and n.
4
Let w be (-280)/32 - -8 - 974/(-8). What is the highest common factor of w and 77?
11
Suppose 0 = 4*p - 3*d - 47, p + 4*d = -d + 29. Let s = -5 + p. Suppose -132 = -6*v - 24. What is the greatest common factor of s and v?
9
Suppose 39*r = 2005 - 484. Calculate the highest common factor of r and 6.
3
Suppose 5*v - h - 196 = 0, 0*h - 153 = -4*v - 3*h. Let j = 27 + v. Suppose -5*w = 5*f - 78 - 212, f + 3*w = j. What is the highest common divisor of 6 and f?
6
Let v(b) = 20*b - 134. Let j be v(7). What is the highest common divisor of j and 234?
6
Let a(t) = t**3 + 22*t**2 - 2*t + 4. Let b be a(-19). What is the greatest common divisor of b and 135?
45
Let x(s) = s + 6. Let b be x(-12). Let t be (-82)/b - (-3)/9. Let z be (-16)/(-72) - 502/(-9). What is the highest common divisor of t and z?
14
Let l be -17 + (3/1 - -1). Let c = l - -23. What is the highest common divisor of 40 and c?
10
Let a(c) = c + 4. Let q be a(5). Calculate the greatest common divisor of q and 4.
1
Let g be ((-24)/(-5))/(((-13)/(-45))/13). Suppose 0 = -4*v + 8 + g. Calculate the highest common factor of v and 16.
8
Let o = 35 + -25. Let s(m) = -m**3 - 5*m**2 - 17*m - 5. Let w be s(-5). Calculate the greatest common divisor of w and o.
10
Suppose 208 = 6*j + 40. What is the highest common divisor of j and 518?
14
Suppose -11*y = 11*y - 3520. Calculate the highest common factor of y and 60.
20
Let x(p) = -2*p**3 - p**2 + p + 15. Let w be x(0). Let i be w + (56/(-7))/(0 + 2). Calculate the greatest common divisor of 11 and i.
11
Suppose -6358 = 4*c - 6370. Suppose 0 = -4*r - 0*r - 28. Let i = 22 + r. What is the highest common divisor of i and c?
3
Suppose 50 = -2*h + 46. Let w be (-10)/3*6/h. What is the greatest common factor of w and 10?
10
Let u = -1594 + 1706. Let o be (-2)/(-7) + 96/7. What is the highest common factor of o and u?
14
Let h(w) = w**3 + 11*w**2 - 18*w - 12. Let p be h(-12). What is the greatest common factor of p and 45?
15
Let x(g) = -3*g - 3. Let c be x(2). Let y(m) = -m**3 - 10*m**2 - 12*m - 10. Let p be y(c). Let k = 2 + p. Calculate the highest common factor of k and 19.
19
Suppose 0 = -3*o - 4*y - 62, 0 = 3*y + 17 - 2. Suppose 4*s = s - 51. Let f = o - s. Calculate the highest common divisor of 24 and f.
3
Let r be ((-180)/50)/(2 + (-11)/5). Calculate the greatest common divisor of r and 162.
18
Suppose 2*m - 6*j - 40 = -10*j, 0 = 2*m + 2*j - 44. Let l(k) = -k**3 + 12*k**2 - 6*k + 3. Let r be l(9). What is the highest common divisor of m and r?
24
Let x be ((-12)/8)/(((-10)/(-36))/(-5)). What is the highest common divisor of 63 and x?
9
Let a(t) = t**2 - 4*t + 2. Let v be a(4). Suppose v*r = 3*x - 6, -4*r = 4*x + r - 8. What is the greatest common factor of x and 1?
1
Let m be (-4)/32*(11 + -19). Calculate the greatest common divisor of m and 1.
1
Suppose 8*u = 10*u + 3*i - 35, -5*u + 5*i + 50 = 0. Let c(d) = -d**2 + 14*d - 9. Let p be c(6). What is the highest common divisor of p and u?
13
Let j be (-10)/((1/(-40))/((-22)/(-44))). What is the greatest common divisor of j and 32?
8
Suppose -46*t = -44*t + 4. Let p be 7 + -3 + (t - -4). What is the greatest common factor of 18 and p?
6
Let q = 1936 + -1932. Calculate the highest common factor of q and 92.
4
Let c be (18/4)/((-4)/192). Let w = c - -336. Suppose 10 = -4*g + 106. What is the greatest common divisor of g and w?
24
Suppose -u = 2*n - 818, 4*u - 23*n = -25*n + 3248. What is the highest common factor of 10 and u?
10
Let i = -64 + 66. Suppose 3 = -i*q + 153. Calculate the greatest common divisor of 15 and q.
15
Suppose 0*s - s - 25 = -5*w, s - w = -25. Let v be (-13 - s)/(-1 - 13/(-10)). Let n be (-12)/(7/(-4) + 1). Calculate the greatest common factor of v and n.
8
Let a be ((-2550)/(-85))/(2/12). Calculate the greatest common divisor of 80 and a.
20
Let p be (7/(-4))/((-2)/(-8)). Let y(o) = 2*o**2 - 2*o. Let c be y(p). What is the greatest common factor of 14 and c?
14
Suppose -16*i - 4*k = -12*i + 8, 4*k = -3*i - 5. Let t be 2/(-3) - (-11)/3. Let v be 2/t - 1/i. Calculate the greatest common divisor of v and 3.
1
Suppose -3*j + l + 233 + 706 = 0, j - 3*l = 321. Calculate the highest common factor of 858 and j.
78
Let j be 885/27 + 4/18. Let i(u) = -u**3 - 8*u**2 - 8*u - 4. Let x = 5 - 12. Let q be i(x). What is the greatest common factor of j and q?
3
Let v be 0 + 2 + (-6)/(-3). Suppose 6*r - 10*r = v. Let g be -30*((-48)/(-15))/r. Calculate the greatest common divisor of g and 12.
12
Let w = 853 + -598. Calculate the greatest common divisor of w and 15.
15
Let o = 701 + -697. Suppose g = -0*n + 3*n + 16, 0 = 3*g - 4*n - 28. What is the greatest common divisor of g and o?
4
Let z be 4/((-4)/(-44) - 51/(-165)). Calculate the highest common factor of 230 and z.
10
Suppose -2*t = 4*l - 5 - 27, -3*l + 24 = -3*t. Suppose 0*i = -5*i + 30. Let n be (-442)/(-14) - i/(-14). What is the highest common factor of n and l?
8
Let j(z) = -4*z**2 - 3*z - 3. Let w be j(-2). Let s = w + 21. Suppose 4*m = -4*f + 124, 5*m - f - 4*f - 165 = 0. What is the highest common factor of s and m?
8
Suppose 5*g = -0*g - 5*d + 10, -4*d = 4. Suppose 2*p + 4*u + 797 = 7*p, -2*